{"id":7151,"date":"2018-01-30T13:21:40","date_gmt":"2018-01-30T13:21:40","guid":{"rendered":"http:\/\/www.humanicsinstitute.org\/Sanctuary\/a-propos-de-linstitut-humanics\/"},"modified":"2021-10-22T18:33:06","modified_gmt":"2021-10-22T18:33:06","slug":"a-propos-de-linstitut-humanics","status":"publish","type":"page","link":"https:\/\/humanicsinstitute.org\/Sanctuary\/a-propos-de-linstitut-humanics\/","title":{"rendered":"\u00c0 notre sujet"},"content":{"rendered":"<p>[et_pb_section fb_built=&#8221;1&#8243; fullwidth=&#8221;on&#8221; custom_padding_last_edited=&#8221;on|phone&#8221; _builder_version=&#8221;3.22&#8243; background_image=&#8221;https:\/\/humanicsinstitute.org\/Sanctuary\/wp-content\/uploads\/2018\/01\/HS-about-us-Headers.jpg&#8221; custom_padding=&#8221;5%|45%|5%|&#8221; custom_padding_tablet=&#8221;&#8221; custom_padding_phone=&#8221;&#8221; global_colors_info=&#8221;{}&#8221;][et_pb_fullwidth_header title=&#8221;\u00c0 notre sujet&#8221; background_overlay_color=&#8221;rgba(22,127,57,0)&#8221; _builder_version=&#8221;3.16&#8243; title_font=&#8221;||||||||&#8221; title_font_size=&#8221;40px&#8221; background_color=&#8221;rgba(255, 255, 255, 0)&#8221; custom_padding=&#8221;|||10%&#8221; animation_style=&#8221;slide&#8221; animation_direction=&#8221;left&#8221; animation_duration=&#8221;750ms&#8221; global_colors_info=&#8221;{}&#8221; button_one_text_size__hover_enabled=&#8221;off&#8221; button_two_text_size__hover_enabled=&#8221;off&#8221; button_one_text_color__hover_enabled=&#8221;off&#8221; button_two_text_color__hover_enabled=&#8221;off&#8221; button_one_border_width__hover_enabled=&#8221;off&#8221; button_two_border_width__hover_enabled=&#8221;off&#8221; button_one_border_color__hover_enabled=&#8221;off&#8221; button_two_border_color__hover_enabled=&#8221;off&#8221; button_one_border_radius__hover_enabled=&#8221;off&#8221; button_two_border_radius__hover_enabled=&#8221;off&#8221; button_one_letter_spacing__hover_enabled=&#8221;off&#8221; button_two_letter_spacing__hover_enabled=&#8221;off&#8221; button_one_bg_color__hover_enabled=&#8221;off&#8221; button_two_bg_color__hover_enabled=&#8221;off&#8221;][\/et_pb_fullwidth_header][\/et_pb_section][et_pb_section fb_built=&#8221;1&#8243; _builder_version=&#8221;3.22&#8243; global_colors_info=&#8221;{}&#8221;][et_pb_row make_equal=&#8221;on&#8221; _builder_version=&#8221;3.25&#8243; global_colors_info=&#8221;{}&#8221; column_structure=&#8221;1_3,2_3&#8243;][et_pb_column type=&#8221;1_3&#8243; _builder_version=&#8221;3.25&#8243; custom_padding=&#8221;|||&#8221; global_colors_info=&#8221;{}&#8221; custom_padding__hover=&#8221;|||&#8221;][et_pb_image src=&#8221;https:\/\/humanicsinstitute.org\/Sanctuary\/wp-content\/uploads\/2018\/01\/Brochure_image.jpg&#8221; align_tablet=&#8221;center&#8221; align_last_edited=&#8221;on|desktop&#8221; _builder_version=&#8221;3.23&#8243; global_colors_info=&#8221;{}&#8221;][\/et_pb_image][\/et_pb_column][et_pb_column type=&#8221;2_3&#8243; _builder_version=&#8221;3.25&#8243; custom_padding=&#8221;|||&#8221; global_colors_info=&#8221;{}&#8221; custom_padding__hover=&#8221;|||&#8221;][et_pb_text _builder_version=&#8221;3.27.4&#8243; background_color=&#8221;rgba(255,255,255,0.8)&#8221; text_orientation=&#8221;justified&#8221; custom_margin=&#8221;|||&#8221; custom_margin_tablet=&#8221;|||&#8221; custom_margin_phone=&#8221;&#8221; custom_margin_last_edited=&#8221;on|tablet&#8221; custom_padding=&#8221;|||&#8221; custom_padding_tablet=&#8221;|||&#8221; custom_padding_phone=&#8221;&#8221; custom_padding_last_edited=&#8221;on|phone&#8221; global_colors_info=&#8221;{}&#8221;]<\/p>\n<p>L\u2019institut Humanics est un organisme la\u00efque, sans but lucratif, enregistr\u00e9 au f\u00e9d\u00e9ral et situ\u00e9 \u00e0 Ottawa. Une de ses fonctions principales est de d\u00e9velopper et d\u2019exploiter le sanctuaire Humanics et parc de sculptures.<\/p>\n<p>Le but de l\u2019institut Humanics et du sanctuaire Humanics et parc de sculptures est de g\u00e9n\u00e9rer, au moyen de l\u2019\u00e9ducation, de sculptures et d\u2019autres formes d\u2019art, un impact collectif, une prise de conscience qui reconna\u00eet que, bien que des diff\u00e9rences existent, ultimement, les \u00e9l\u00e9ments communs dans nos croyances religieuses, nos spiritualit\u00e9s, nos races, nos ethnicit\u00e9s, nos cultures et nos nationalit\u00e9s nous unissent. Nous esp\u00e9rons atteindre ce r\u00e9sultat par une plus grande prise de conscience des trois valeurs essentielles inh\u00e9rentes \u00e0 toutes les cultures et les religions majeures du monde, \u00e0 savoir : <\/p>\n<p style=\"text-align: center;\"><span style=\"font-size: large;\">l\u2019unit\u00e9 de la r\u00e9alit\u00e9;<\/span><\/p>\n<p style=\"text-align: center;\"><span style=\"font-size: large;\">tous les \u00eatres humains sont des \u00eatres responsables \u00e9gaux en dignit\u00e9 et en respect; et<\/span><\/p>\n<p style=\"text-align: center;\"><span style=\"font-size: large;\">la relation intrins\u00e8que entre les humains et les milieux naturel et cosmique qui nous entourent.<\/span><\/p>\n<p>[\/et_pb_text][\/et_pb_column][\/et_pb_row][et_pb_row _builder_version=&#8221;3.25&#8243; global_colors_info=&#8221;{}&#8221;][et_pb_column type=&#8221;4_4&#8243; _builder_version=&#8221;3.25&#8243; custom_padding=&#8221;|||&#8221; global_colors_info=&#8221;{}&#8221; custom_padding__hover=&#8221;|||&#8221;][et_pb_text _builder_version=&#8221;3.27.4&#8243; text_font=&#8221;||||||||&#8221; custom_padding=&#8221;1%||1%|&#8221; global_colors_info=&#8221;{}&#8221;]<\/p>\n<h2 style=\"text-align: center;\"><span style=\"font-size: x-large;\">L\u2019adresse postale de l\u2019institut Humanics<\/span><\/h2>\n<p style=\"text-align: center;\">L\u2019institut Humanics<\/p>\n<p style=\"text-align: center;\">601 Brookridge Crescent<\/p>\n<p style=\"text-align: center;\">Ottawa, Ontario K4A 1Z6. Canada.<\/p>\n<p>[\/et_pb_text][et_pb_text _builder_version=&#8221;4.11.3&#8243; header_font=&#8221;||||||||&#8221; header_2_font=&#8221;||||||||&#8221; background_color=&#8221;rgba(255,255,255,0.8)&#8221; text_orientation=&#8221;justified&#8221; custom_margin=&#8221;|||&#8221; custom_margin_tablet=&#8221;|||&#8221; custom_margin_phone=&#8221;&#8221; custom_margin_last_edited=&#8221;on|phone&#8221; custom_padding=&#8221;|||&#8221; custom_padding_tablet=&#8221;|||&#8221; custom_padding_phone=&#8221;&#8221; custom_padding_last_edited=&#8221;on|tablet&#8221; hover_enabled=&#8221;0&#8243; global_colors_info=&#8221;{}&#8221; sticky_enabled=&#8221;0&#8243;]<\/p>\n<h2 style=\"text-align: center;\">Conseil d\u2019administration de l\u2019institut Humanics<\/h2>\n<p style=\"text-align: center;\">Acharya Ranjit Perera Ph.D. Presidentt<\/p>\n<p style=\"text-align: center;\">Sriyani Perera Secretary<\/p>\n<p style=\"text-align: center;\">Melvin Machado Treasurer<\/p>\n<p style=\"text-align: center;\">Michael Garnett<\/p>\n<p style=\"text-align: center;\">Zora Mellick<\/p>\n<p style=\"text-align: center;\">Clare Allard<\/p>\n<p style=\"text-align: center;\">Lyne Charbonneau<\/p>\n<p style=\"text-align: center;\">Rajini Potechin<\/p>\n<p>[\/et_pb_text][\/et_pb_column][\/et_pb_row][\/et_pb_section][et_pb_section fb_built=&#8221;1&#8243; _builder_version=&#8221;3.22&#8243; background_image=&#8221;https:\/\/humanicsinstitute.org\/Sanctuary\/wp-content\/uploads\/2018\/01\/HS-section-bg-grey-trees.jpg&#8221; global_colors_info=&#8221;{}&#8221;][et_pb_row _builder_version=&#8221;3.25&#8243; global_colors_info=&#8221;{}&#8221;][et_pb_column type=&#8221;4_4&#8243; _builder_version=&#8221;3.25&#8243; custom_padding=&#8221;|||&#8221; global_colors_info=&#8221;{}&#8221; custom_padding__hover=&#8221;|||&#8221;][et_pb_text _builder_version=&#8221;3.27.4&#8243; global_colors_info=&#8221;{}&#8221;]<\/p>\n<h4 style=\"text-align: center;\">Si vous avez des questions ou souhaitez vous abonner \u00e0 notre Humanics Digest, cliquez ci-dessous.<\/h4>\n<p>[\/et_pb_text][\/et_pb_column][\/et_pb_row][et_pb_row _builder_version=&#8221;3.25&#8243; global_colors_info=&#8221;{}&#8221; column_structure=&#8221;1_2,1_2&#8243;][et_pb_column type=&#8221;1_2&#8243; _builder_version=&#8221;3.25&#8243; custom_padding=&#8221;|||&#8221; global_colors_info=&#8221;{}&#8221; custom_padding__hover=&#8221;|||&#8221;][et_pb_button button_url=&#8221;https:\/\/humanicsinstitute.org\/Sanctuary\/communiquez-avec-nous\/?lang=fr&#8221; button_text=&#8221;Communiquez avec nous &#8221; button_alignment=&#8221;center&#8221; module_class=&#8221;contact-button&#8221; _builder_version=&#8221;3.16&#8243; custom_css_main_element=&#8221;width:80%;&#8221; global_colors_info=&#8221;{}&#8221; button_text_size__hover_enabled=&#8221;off&#8221; button_one_text_size__hover_enabled=&#8221;off&#8221; button_two_text_size__hover_enabled=&#8221;off&#8221; button_text_color__hover_enabled=&#8221;off&#8221; button_one_text_color__hover_enabled=&#8221;off&#8221; button_two_text_color__hover_enabled=&#8221;off&#8221; button_border_width__hover_enabled=&#8221;off&#8221; button_one_border_width__hover_enabled=&#8221;off&#8221; button_two_border_width__hover_enabled=&#8221;off&#8221; button_border_color__hover_enabled=&#8221;off&#8221; button_one_border_color__hover_enabled=&#8221;off&#8221; button_two_border_color__hover_enabled=&#8221;off&#8221; button_border_radius__hover_enabled=&#8221;off&#8221; button_one_border_radius__hover_enabled=&#8221;off&#8221; button_two_border_radius__hover_enabled=&#8221;off&#8221; button_letter_spacing__hover_enabled=&#8221;off&#8221; button_one_letter_spacing__hover_enabled=&#8221;off&#8221; button_two_letter_spacing__hover_enabled=&#8221;off&#8221; button_bg_color__hover_enabled=&#8221;off&#8221; button_one_bg_color__hover_enabled=&#8221;off&#8221; button_two_bg_color__hover_enabled=&#8221;off&#8221;][\/et_pb_button][\/et_pb_column][et_pb_column type=&#8221;1_2&#8243; _builder_version=&#8221;3.25&#8243; custom_padding=&#8221;|||&#8221; global_colors_info=&#8221;{}&#8221; custom_padding__hover=&#8221;|||&#8221;][et_pb_button button_url=&#8221;https:\/\/humanicsinstitute.org\/Sanctuary\/communiquez-avec-nous\/?lang=fr&#8221; button_text=&#8221;S\u2019abonner&#8221; button_alignment=&#8221;center&#8221; module_class=&#8221;contact-button&#8221; _builder_version=&#8221;3.16&#8243; custom_css_main_element=&#8221;width:80%;&#8221; global_colors_info=&#8221;{}&#8221; button_text_size__hover_enabled=&#8221;off&#8221; button_one_text_size__hover_enabled=&#8221;off&#8221; button_two_text_size__hover_enabled=&#8221;off&#8221; button_text_color__hover_enabled=&#8221;off&#8221; button_one_text_color__hover_enabled=&#8221;off&#8221; button_two_text_color__hover_enabled=&#8221;off&#8221; button_border_width__hover_enabled=&#8221;off&#8221; button_one_border_width__hover_enabled=&#8221;off&#8221; button_two_border_width__hover_enabled=&#8221;off&#8221; button_border_color__hover_enabled=&#8221;off&#8221; button_one_border_color__hover_enabled=&#8221;off&#8221; button_two_border_color__hover_enabled=&#8221;off&#8221; button_border_radius__hover_enabled=&#8221;off&#8221; button_one_border_radius__hover_enabled=&#8221;off&#8221; button_two_border_radius__hover_enabled=&#8221;off&#8221; button_letter_spacing__hover_enabled=&#8221;off&#8221; button_one_letter_spacing__hover_enabled=&#8221;off&#8221; button_two_letter_spacing__hover_enabled=&#8221;off&#8221; button_bg_color__hover_enabled=&#8221;off&#8221; button_one_bg_color__hover_enabled=&#8221;off&#8221; button_two_bg_color__hover_enabled=&#8221;off&#8221;][\/et_pb_button][\/et_pb_column][\/et_pb_row][\/et_pb_section][et_pb_section fb_built=&#8221;1&#8243; _builder_version=&#8221;3.22&#8243; background_color=&#8221;#167f39&#8243; custom_padding=&#8221;0|0px|20px|0px|false|false&#8221; global_colors_info=&#8221;{}&#8221;][et_pb_row _builder_version=&#8221;3.25&#8243; custom_padding=&#8221;27px|0px|17px|0px|false|false&#8221; global_colors_info=&#8221;{}&#8221; column_structure=&#8221;1_3,1_3,1_3&#8243;][et_pb_column type=&#8221;1_3&#8243; _builder_version=&#8221;3.25&#8243; custom_padding=&#8221;|||&#8221; global_colors_info=&#8221;{}&#8221; custom_padding__hover=&#8221;|||&#8221;][et_pb_code custom_padding=&#8221;20px|||&#8221; global_colors_info=&#8221;{}&#8221;]<\/p>\n<style><!-- [et_pb_line_break_holder] -->  p a {<!-- [et_pb_line_break_holder] -->    color: rgb(51, 51, 51);<!-- [et_pb_line_break_holder] -->  }<!-- [et_pb_line_break_holder] -->  p a:hover {<!-- [et_pb_line_break_holder] -->    color: rgb(0,0,0);<!-- [et_pb_line_break_holder] -->  }<!-- [et_pb_line_break_holder] --><\/style>\n<p><!-- [et_pb_line_break_holder] --><pee class=\"text-center\">Site design by <a href=\"http:\/\/abcreations.ca\/\"><strong>Andrew Blakeley Creations<\/strong><\/a><\/pee>[\/et_pb_code][\/et_pb_column][et_pb_column type=&#8221;1_3&#8243; _builder_version=&#8221;3.25&#8243; custom_padding=&#8221;|||&#8221; global_colors_info=&#8221;{}&#8221; custom_padding__hover=&#8221;|||&#8221;][et_pb_code text_orientation=&#8221;center&#8221; global_colors_info=&#8221;{}&#8221;]<\/p>\n<style><!-- [et_pb_line_break_holder] -->element.style {<!-- [et_pb_line_break_holder] -->    width: 400px;<!-- [et_pb_line_break_holder] -->}<!-- [et_pb_line_break_holder] -->.TA_cdsratingsonlywide {<!-- [et_pb_line_break_holder] -->\twidth: 400px;<!-- [et_pb_line_break_holder] -->    height: 70px;<!-- [et_pb_line_break_holder] -->\t<!-- [et_pb_line_break_holder] -->\t}<!-- [et_pb_line_break_holder] -->.cdsROW.wide {<!-- [et_pb_line_break_holder] -->    width: 400px;<!-- [et_pb_line_break_holder] -->    height: 70px;<!-- [et_pb_line_break_holder] -->}<!-- [et_pb_line_break_holder] -->.cdsROW.wide .cdsLocName {<!-- [et_pb_line_break_holder] -->   <!-- [et_pb_line_break_holder] -->    padding: 10px 7px 0 9px;<!-- [et_pb_line_break_holder] --><!-- [et_pb_line_break_holder] -->}<!-- [et_pb_line_break_holder] --><\/style>\n<p><!-- [et_pb_line_break_holder] --><\/p>\n<div id=\"TA_cdsratingsonlywide941\" class=\"TA_cdsratingsonlywide\"><!-- [et_pb_line_break_holder] -->  <\/p>\n<ul id=\"skzQVGJoBqYv\" class=\"TA_links kuAfjYJE2Gd\"><!-- [et_pb_line_break_holder] -->    <\/p>\n<li id=\"e03FJi58L6fe\" class=\"rtmRmcngyq1\"> <a target=\"_blank\" href=\"https:\/\/www.tripadvisor.ca\/\" rel=\"noopener\"><img decoding=\"async\" src=\"https:\/\/www.tripadvisor.ca\/img\/cdsi\/img2\/branding\/tripadvisor_logo_transp_340x80-18034-2.png\" alt=\"TripAdvisor\"\/><\/a> <\/li>\n<p><!-- [et_pb_line_break_holder] -->  <\/ul>\n<p><!-- [et_pb_line_break_holder] --><\/div>\n<p><!-- [et_pb_line_break_holder] --><script async src=\"https:\/\/www.jscache.com\/wejs?wtype=cdsratingsonlywide&#038;uniq=941&#038;locationId=12962921&#038;lang=en_CA&#038;border=true&#038;display_version=2\"><\/script>[\/et_pb_code][\/et_pb_column][et_pb_column type=&#8221;1_3&#8243; _builder_version=&#8221;3.25&#8243; custom_padding=&#8221;|||&#8221; global_colors_info=&#8221;{}&#8221; custom_padding__hover=&#8221;|||&#8221;][et_pb_code text_orientation=&#8221;left&#8221; custom_padding=&#8221;25px|||&#8221; global_colors_info=&#8221;{}&#8221;]<\/p>\n<style><!-- [et_pb_line_break_holder] -->.et-social-icon a {    <!-- [et_pb_line_break_holder] -->    <!-- [et_pb_line_break_holder] -->  <!-- [et_pb_line_break_holder] --> color:#333333;<!-- [et_pb_line_break_holder] -->  } <!-- [et_pb_line_break_holder] -->  .et-social-icon a:hover{    <!-- [et_pb_line_break_holder] -->    <!-- [et_pb_line_break_holder] -->  <!-- [et_pb_line_break_holder] --> color:#000;<!-- [et_pb_line_break_holder] -->  } <!-- [et_pb_line_break_holder] -->  <!-- [et_pb_line_break_holder] --><\/style>\n<p><!-- [et_pb_line_break_holder] --><!-- [et_pb_line_break_holder] --><\/p>\n<ul class=\"et-social-icons\" style=\"list-style-type: none;\"><!-- [et_pb_line_break_holder] -->  <\/p>\n<li class=\"et-social-icon et-social-facebook\"> <a href=\"https:\/\/www.facebook.com\/HumanicsInstitute\/\" class=\"icon\"> <span>Facebook<\/span> <\/a> <\/li>\n<p><!-- [et_pb_line_break_holder] -->  <\/p>\n<li class=\"et-social-icon et-social-instagram\"> <a href=\"https:\/\/www.instagram.com\/humanicspark\/\" class=\"icon\"> <span>Instagram<\/span> <\/a> <\/li>\n<p><!-- [et_pb_line_break_holder] -->  <\/p>\n<li class=\"et-social-icon et-social-twitter\"> <a href=\"https:\/\/twitter.com\/HumanicsPark\" class=\"icon\"> <span>Twitter<\/span> <\/a> <\/li>\n<p><!-- [et_pb_line_break_holder] -->  <\/p>\n<li class=\"et-social-icon et-social-youtube\"> <a href=\"https:\/\/www.youtube.com\/channel\/UC-T6EhXvyEpbNSlz1Eox6tA\" class=\"icon\"> <span>YouTube<\/span> <\/a> <\/li>\n<p><!-- [et_pb_line_break_holder] --><\/ul>\n<p>[\/et_pb_code][\/et_pb_column][\/et_pb_row][\/et_pb_section]<\/p>\n","protected":false},"excerpt":{"rendered":"<p>L\u2019institut Humanics est un organisme la\u00efque, sans but lucratif, enregistr\u00e9 au f\u00e9d\u00e9ral et situ\u00e9 \u00e0 Ottawa. Une de ses fonctions principales est de d\u00e9velopper et d\u2019exploiter le sanctuaire Humanics et parc de sculptures. Le but de l\u2019institut Humanics et du sanctuaire Humanics et parc de sculptures est de g\u00e9n\u00e9rer, au moyen de l\u2019\u00e9ducation, de sculptures [&hellip;]<\/p>\n","protected":false},"author":2,"featured_media":0,"parent":0,"menu_order":0,"comment_status":"closed","ping_status":"closed","template":"","meta":{"_et_pb_use_builder":"on","_et_pb_old_content":"","_et_gb_content_width":"","footnotes":""},"class_list":["post-7151","page","type-page","status-publish","hentry"],"_links":{"self":[{"href":"https:\/\/humanicsinstitute.org\/Sanctuary\/wp-json\/wp\/v2\/pages\/7151","targetHints":{"allow":["GET"]}}],"collection":[{"href":"https:\/\/humanicsinstitute.org\/Sanctuary\/wp-json\/wp\/v2\/pages"}],"about":[{"href":"https:\/\/humanicsinstitute.org\/Sanctuary\/wp-json\/wp\/v2\/types\/page"}],"author":[{"embeddable":true,"href":"https:\/\/humanicsinstitute.org\/Sanctuary\/wp-json\/wp\/v2\/users\/2"}],"replies":[{"embeddable":true,"href":"https:\/\/humanicsinstitute.org\/Sanctuary\/wp-json\/wp\/v2\/comments?post=7151"}],"version-history":[{"count":29,"href":"https:\/\/humanicsinstitute.org\/Sanctuary\/wp-json\/wp\/v2\/pages\/7151\/revisions"}],"predecessor-version":[{"id":29019,"href":"https:\/\/humanicsinstitute.org\/Sanctuary\/wp-json\/wp\/v2\/pages\/7151\/revisions\/29019"}],"wp:attachment":[{"href":"https:\/\/humanicsinstitute.org\/Sanctuary\/wp-json\/wp\/v2\/media?parent=7151"}],"curies":[{"name":"wp","href":"https:\/\/api.w.org\/{rel}","templated":true}]}}